 is the thousands digit of 2589?
2
What is the units digit of 775?
5
What is the hundreds digit of 977?
9
What is the hundreds digit of 1498?
4
What is the hundreds digit of 5383?
3
What is the ten thousands digit of 11549?
1
What is the units digit of 22694?
4
What is the tens digit of 886?
8
What is the tens digit of 513?
1
What is the ten thousands digit of 116370?
1
What is the ten thousands digit of 68439?
6
What is the units digit of 655?
5
What is the thousands digit of 1214?
1
What is the hundreds digit of 700?
7
What is the tens digit of 911?
1
What is the hundred thousands digit of 130438?
1
What is the ten thousands digit of 33340?
3
What is the hundreds digit of 10278?
2
What is the hundreds digit of 13476?
4
What is the hundreds digit of 1433?
4
What is the thousands digit of 58171?
8
What is the hundreds digit of 44308?
3
What is the thousands digit of 7089?
7
What is the hundreds digit of 24009?
0
What is the units digit of 52743?
3
What is the hundreds digit of 35955?
9
What is the hundreds digit of 852?
8
What is the hundreds digit of 411?
4
What is the thousands digit of 84132?
4
What is the units digit of 113?
3
What is the hundreds digit of 9491?
4
What is the tens digit of 2111?
1
What is the thousands digit of 40937?
0
What is the tens digit of 1978?
7
What is the thousands digit of 30920?
0
What is the hundreds digit of 24486?
4
What is the units digit of 24308?
8
What is the tens digit of 11820?
2
What is the tens digit of 2689?
8
What is the units digit of 10900?
0
What is the hundreds digit of 1496?
4
What is the units digit of 34936?
6
What is the tens digit of 169?
6
What is the units digit of 1301?
1
What is the thousands digit of 4788?
4
What is the hundreds digit of 2656?
6
What is the tens digit of 3494?
9
What is the thousands digit of 8101?
8
What is the hundreds digit of 1101?
1
What is the tens digit of 19264?
6
What is the tens digit of 4139?
3
What is the thousands digit of 4173?
4
What is the thousands digit of 6425?
6
What is the hundreds digit of 2345?
3
What is the units digit of 3127?
7
What is the tens digit of 10624?
2
What is the tens digit of 801?
0
What is the thousands digit of 8930?
8
What is the tens digit of 8621?
2
What is the thousands digit of 1167?
1
What is the thousands digit of 1217?
1
What is the hundreds digit of 2415?
4
What is the hundreds digit of 6186?
1
What is the hundreds digit of 915?
9
What is the hundreds digit of 1817?
8
What is the hundreds digit of 6781?
7
What is the hundreds digit of 9032?
0
What is the tens digit of 634?
3
What is the units digit of 2395?
5
What is the hundreds digit of 14093?
0
What is the thousands digit of 13150?
3
What is the tens digit of 816?
1
What is the units digit of 4109?
9
What is the tens digit of 297?
9
What is the tens digit of 742?
4
What is the hundreds digit of 4026?
0
What is the units digit of 854?
4
What is the hundreds digit of 3508?
5
What is the units digit of 88?
8
What is the units digit of 9915?
5
What is the tens digit of 63165?
6
What is the tens digit of 88096?
9
What is the units digit of 4413?
3
What is the units digit of 24967?
7
What is the units digit of 301?
1
What is the thousands digit of 4732?
4
What is the tens digit of 418?
1
What is the hundreds digit of 727?
7
What is the units digit of 484?
4
What is the thousands digit of 2227?
2
What is the ten thousands digit of 14291?
1
What is the tens digit of 5238?
3
What is the units digit of 19882?
2
What is the thousands digit of 38784?
8
What is the tens digit of 956?
5
What is the thousands digit of 2559?
2
What is the units digit of 1027?
7
What is the tens digit of 89870?
7
What is the tens digit of 32111?
1
What is the thousands digit of 19797?
9
What is the ten thousands digit of 28358?
2
What is the tens digit of 72?
7
What is the tens digit of 23?
2
What is the thousands digit of 3030?
3
What is the hundreds digit of 9813?
8
What is the hundreds digit of 889?
8
What is the hundreds digit of 743?
7
What is the tens digit of 1380?
8
What is the units digit of 378?
8
What is the thousands digit of 91083?
1
What is the thousands digit of 9413?
9
What is the thousands digit of 3049?
3
What is the units digit of 606?
6
What is the units digit of 3462?
2
What is the thousands digit of 73285?
3
What is the hundreds digit of 134584?
5
What is the ten thousands digit of 20754?
2
What is the thousands digit of 6450?
6
What is the hundreds digit of 142?
1
What is the ten thousands digit of 25350?
2
What is the thousands digit of 48643?
8
What is the thousands digit of 1231?
1
What is the units digit of 12419?
9
What is the thousands digit of 13783?
3
What is the units digit of 1578?
8
What is the units digit of 3001?
1
What is the tens digit of 17795?
9
What is the units digit of 1564?
4
What is the hundreds digit of 13017?
0
What is the hundreds digit of 87975?
9
What is the tens digit of 7347?
4
What is the thousands digit of 2640?
2
What is the tens digit of 1864?
6
What is the units digit of 16174?
4
What is the hundreds digit of 8438?
4
What is the ten thousands digit of 22747?
2
What is the units digit of 4510?
0
What is the thousands digit of 1079?
1
What is the units digit of 350?
0
What is the tens digit of 5700?
0
What is the hundreds digit of 11625?
6
What is the thousands digit of 2487?
2
What is the ten thousands digit of 15829?
1
What is the hundreds digit of 436?
4
What is the tens digit of 5044?
4
What is the hundreds digit of 918?
9
What is the tens digit of 32645?
4
What is the thousands digit of 2489?
2
What is the hundreds digit of 330?
3
What is the hundreds digit of 2401?
4
What is the tens digit of 448?
4
What is the hundreds digit of 42262?
2
What is the units digit of 1189?
9
What is the thousands digit of 2639?
2
What is the thousands digit of 2507?
2
What is the hundreds digit of 987?
9
What is the ten thousands digit of 31260?
3
What is the hundreds digit of 976?
9
What is the thousands digit of 25120?
5
What is the hundreds digit of 5267?
2
What is the hundreds digit of 239?
2
What is the hundreds digit of 1523?
5
What is the hundreds digit of 2306?
3
What is the units digit of 567?
7
What is the thousands digit of 11801?
1
What is the tens digit of 84?
8
What is the ten thousands digit of 14507?
1
What is the hundreds digit of 14349?
3
What is the tens digit of 128903?
0
What is the tens digit of 1008?
0
What is the units digit of 1850?
0
What is the tens digit of 92?
9
What is the ten thousands digit of 74822?
7
What is the units digit of 5808?
8
What is the thousands digit of 26826?
6
What is the thousands digit of 2540?
2
What is the thousands digit of 21313?
1
What is the tens digit of 7216?
1
What is the hundreds digit of 16874?
8
What is the units digit of 1060?
0
What is the thousands digit of 8201?
8
What is the units digit of 44614?
4
What is the thousands digit of 1874?
1
What is the units digit of 65337?
7
What is the tens digit of 32941?
4
What is the units digit of 4262?
2
What is the units digit of 2710?
0
What is the ten thousands digit of 43293?
4
What is the units digit of 3811?
1
What is the hundreds digit of 16075?
0
What is the hundreds digit of 262?
2
What is the hundreds digit of 19922?
9
What is the hundreds digit of 957?
9
What is the units digit of 710?
0
What is the units digit of 8559?
9
What is the tens digit of 1125?
2
What is the tens digit of 1332?
3
What is the tens digit of 81018?
1
What is the thousands digit of 2005?
2
What is the units digit of 2548?
8
What is the tens digit of 301?
0
What is the hundreds digit of 910?
9
What is the hundreds digit of 25128?
1
What is the tens digit of 1391?
9
What is the units digit of 235?
5
What is the hundreds digit of 484?
4
What is the thousands digit of 1473?
1
What is the hundreds digit of 8493?
4
What is the units digit of 29556?
6
What is the tens digit of 4783?
8
What is the units digit of 6138?
8
What is the thousands digit of 2444?
2
What is the hundreds digit of 601?
6
What is the hundreds digit of 96283?
2
What is the hundreds digit of 1321?
3
What is the hundreds digit of 2002?
0
What is the ten thousands digit of 18200?
1
What is the tens digit of 80172?
7
What is the units digit of 2193?
3
What is the thousands digit of 2829?
2
What is the hundreds 